{"id":401,"date":"2025-08-09T17:37:32","date_gmt":"2025-08-09T15:37:32","guid":{"rendered":"https:\/\/www.nanoprogress.eu\/?post_type=projekty&#038;p=401"},"modified":"2025-10-10T17:01:39","modified_gmt":"2025-10-10T15:01:39","slug":"modernizace-vyzkumne-vyvojove-infrastruktury-pro-udrzitelny-rozvoj-klastru-nanoprogress-a-jeho-budouci-inovace","status":"publish","type":"projekty","link":"https:\/\/www.nanoprogress.eu\/cs\/projekty\/modernizace-vyzkumne-vyvojove-infrastruktury-pro-udrzitelny-rozvoj-klastru-nanoprogress-a-jeho-budouci-inovace\/","title":{"rendered":"Modernizace v\u00fdzkumn\u011b-v\u00fdvojov\u00e9 infrastruktury pro udr\u017eiteln\u00fd rozvoj klastru Nanoprogress a jeho budouc\u00ed inovace"},"content":{"rendered":"            <div class=\"np-info-box wp-block-np-info-box\">\r\n                \r\n                <div class=\"np-info-text\" style=\"margin:0;\">\r\n                    <p>Poskytovatel: MPO<br \/>Datum realizace projektu: 01.04.2023 \u2013 30.06.2026<\/p>\n<p>Registra\u010dn\u00ed \u010d\u00edslo projektu: CZ.01.01.01\/07\/23_012\/0001300<\/p>\n                <\/div>\r\n            <\/div>\r\n            \n\n\n<p>Projekt je zam\u011b\u0159en na roz\u0161\u00ed\u0159en\u00ed v\u00fdbavy sd\u00edlen\u00e9ho centra klastru, a to o za\u0159\u00edzen\u00ed pro p\u0159\u00edpravu funkcionalizovan\u00fdch nanovl\u00e1kenn\u00fdch materi\u00e1l\u016f o v\u011bt\u0161\u00edch rozm\u011brech, \u0159ezac\u00ed jednotku, laminovac\u00ed za\u0159\u00edzen\u00ed a dal\u0161\u00ed technologick\u00e9 celky pro roz\u0161\u00ed\u0159en\u00ed v\u00fdzkumn\u011b-v\u00fdvojov\u00fdch kapacity spolku a zaji\u0161t\u011bn\u00ed n\u00e1sledn\u00e9 funkcionalizace a post-procesingu p\u0159\u00edmo v r\u00e1mci p\u0159\u00edpravy nanovl\u00e1kenn\u00fdch struktur. Infrastruktura by m\u011bla napomoci VaV aplika\u010dn\u00edmu potenci\u00e1lu nanovl\u00e1kenn\u00fdch struktur v r\u016fzn\u00fdch oblastech.<\/p>\n\n\n\n<p>Po\u0159\u00edzen\u00e1 infrastruktura je sv\u00fdm zam\u011b\u0159en\u00edm orientov\u00e1na na \u0161irok\u00e9 spektrum spole\u010dnost\u00ed, zejm\u00e9na mal\u00fdch a st\u0159edn\u00edch podnik\u016f p\u016fsob\u00edc\u00edch nap\u0159\u00ed\u010d r\u016fzn\u00fdmi pr\u016fmyslov\u00fdmi odv\u011btv\u00edmi. Z tohoto d\u016fvodu byl zaveden efektivn\u00ed a transparentn\u00ed syst\u00e9m p\u0159\u00edstupu k t\u00e9to infrastruktu\u0159e, kter\u00fd zaji\u0161\u0165uje rovn\u00e9 podm\u00ednky pro v\u0161echny z\u00e1jemce o jej\u00ed vyu\u017eit\u00ed. Cel\u00fd proces zaji\u0161t\u011bn\u00ed p\u0159\u00edstupu k po\u0159\u00edzen\u00fdm technologi\u00edm je organizov\u00e1n a \u0159\u00edzen pracovn\u00edky klastru, a to jak po koordina\u010dn\u00ed, tak administrativn\u00ed str\u00e1nce, pod veden\u00edm vedouc\u00edho provozovny. Z\u00e1jemce o vyu\u017eit\u00ed infrastruktury kontaktuje bu\u010f kancel\u00e1\u0159 Nanoprogress, nebo p\u0159\u00edmo vedouc\u00edho provozoven a ten ho obezn\u00e1m\u00ed s dostupnost\u00ed jednotliv\u00fdch technologick\u00fdch celk\u016f a domluv\u00ed konkr\u00e9tn\u00ed term\u00edny. B\u011bhem vyu\u017eit\u00ed konkr\u00e9tn\u00edho za\u0159\u00edzen\u00ed je p\u0159\u00edtomna pro\u0161kolen\u00e1 obsluha, kter\u00e1 dohl\u00ed\u017e\u00ed na dodr\u017eov\u00e1n\u00ed pracovn\u00edch a bezpe\u010dnostn\u00edch p\u0159edpis\u016f a zaji\u0161\u0165uje plynul\u00fd a bezprobl\u00e9mov\u00fd chod za\u0159\u00edzen\u00ed.<\/p>\n\n\n<div class=\"wp-block-image\">\n<figure class=\"aligncenter size-full is-resized\"><img loading=\"lazy\" decoding=\"async\" width=\"864\" height=\"331\" src=\"https:\/\/www.nanoprogress.eu\/wp-content\/uploads\/2025\/08\/Vlajky_EU4U-1-e1757527498731.png\" alt=\"\" class=\"wp-image-970\" style=\"width:376px;height:auto\" srcset=\"https:\/\/www.nanoprogress.eu\/wp-content\/uploads\/2025\/08\/Vlajky_EU4U-1-e1757527498731.png 864w, https:\/\/www.nanoprogress.eu\/wp-content\/uploads\/2025\/08\/Vlajky_EU4U-1-e1757527498731-300x115.png 300w, https:\/\/www.nanoprogress.eu\/wp-content\/uploads\/2025\/08\/Vlajky_EU4U-1-e1757527498731-768x294.png 768w, https:\/\/www.nanoprogress.eu\/wp-content\/uploads\/2025\/08\/Vlajky_EU4U-1-e1757527498731-18x7.png 18w\" sizes=\"auto, (max-width: 864px) 100vw, 864px\" \/><\/figure>\n<\/div>","protected":false},"template":"","kategorie_projektu":[16,14],"class_list":["post-401","projekty","type-projekty","status-publish","hentry","kategorie_projektu-narodni","kategorie_projektu-probihajici-projekty"],"acf":[],"_links":{"self":[{"href":"https:\/\/www.nanoprogress.eu\/cs\/wp-json\/wp\/v2\/projekty\/401","targetHints":{"allow":["GET"]}}],"collection":[{"href":"https:\/\/www.nanoprogress.eu\/cs\/wp-json\/wp\/v2\/projekty"}],"about":[{"href":"https:\/\/www.nanoprogress.eu\/cs\/wp-json\/wp\/v2\/types\/projekty"}],"wp:attachment":[{"href":"https:\/\/www.nanoprogress.eu\/cs\/wp-json\/wp\/v2\/media?parent=401"}],"wp:term":[{"taxonomy":"kategorie_projektu","embeddable":true,"href":"https:\/\/www.nanoprogress.eu\/cs\/wp-json\/wp\/v2\/kategorie_projektu?post=401"}],"curies":[{"name":"wp","href":"https:\/\/api.w.org\/{rel}","templated":true}]}}

Modernizace výzkumně-vývojové infrastruktury pro udržitelný rozvoj klastru Nanoprogress a jeho budoucí inovace

<div class="np-info-box wp-block-np-info-box">
                
                <div class="np-info-text" style="margin:0;">
                    <p>Poskytovatel: MPO<br />Datum realizace projektu: 01.04.2023 – 30.06.2026</p>
<p>Registrační číslo projektu: CZ.01.01.01/07/23_012/0001300</p>
                </div>
            </div>
            


<p>Projekt je zaměřen na rozšíření výbavy sdíleného centra klastru, a to o zařízení pro přípravu funkcionalizovaných nanovlákenných materiálů o větších rozměrech, řezací jednotku, laminovací zařízení a další technologické celky pro rozšíření výzkumně-vývojových kapacity spolku a zajištění následné funkcionalizace a post-procesingu přímo v rámci přípravy nanovlákenných struktur. Infrastruktura by měla napomoci VaV aplikačnímu potenciálu nanovlákenných struktur v různých oblastech.</p>



<p>Pořízená infrastruktura je svým zaměřením orientována na široké spektrum společností, zejména malých a středních podniků působících napříč různými průmyslovými odvětvími. Z tohoto důvodu byl zaveden efektivní a transparentní systém přístupu k této infrastruktuře, který zajišťuje rovné podmínky pro všechny zájemce o její využití. Celý proces zajištění přístupu k pořízeným technologiím je organizován a řízen pracovníky klastru, a to jak po koordinační, tak administrativní stránce, pod vedením vedoucího provozovny. Zájemce o využití infrastruktury kontaktuje buď kancelář Nanoprogress, nebo přímo vedoucího provozoven a ten ho obeznámí s dostupností jednotlivých technologických celků a domluví konkrétní termíny. Během využití konkrétního zařízení je přítomna proškolená obsluha, která dohlíží na dodržování pracovních a bezpečnostních předpisů a zajišťuje plynulý a bezproblémový chod zařízení.</p>


<div class="wp-block-image">
<figure class="aligncenter size-full is-resized"><img loading="lazy" decoding="async" width="864" height="331" src="https://www.nanoprogress.eu/wp-content/uploads/2025/08/Vlajky_EU4U-1-e1757527498731.png" alt="" class="wp-image-970" style="width:376px;height:auto" srcset="https://www.nanoprogress.eu/wp-content/uploads/2025/08/Vlajky_EU4U-1-e1757527498731.png 864w, https://www.nanoprogress.eu/wp-content/uploads/2025/08/Vlajky_EU4U-1-e1757527498731-300x115.png 300w, https://www.nanoprogress.eu/wp-content/uploads/2025/08/Vlajky_EU4U-1-e1757527498731-768x294.png 768w, https://www.nanoprogress.eu/wp-content/uploads/2025/08/Vlajky_EU4U-1-e1757527498731-18x7.png 18w" sizes="auto, (max-width: 864px) 100vw, 864px" /></figure>
</div>
