{"id":280,"date":"2025-08-09T15:29:44","date_gmt":"2025-08-09T13:29:44","guid":{"rendered":"https:\/\/www.nanoprogress.eu\/?post_type=aktuality&#038;p=280"},"modified":"2025-09-08T11:20:33","modified_gmt":"2025-09-08T09:20:33","slug":"budovani-udrzitelneho-evropskeho-ekosystemu-je-pribehem-spoluprace-bez-hranic","status":"publish","type":"aktuality","link":"https:\/\/www.nanoprogress.eu\/cs\/aktuality\/budovani-udrzitelneho-evropskeho-ekosystemu-je-pribehem-spoluprace-bez-hranic\/","title":{"rendered":"Budov\u00e1n\u00ed udr\u017eiteln\u00e9ho evropsk\u00e9ho ekosyst\u00e9mu je\u00a0 p\u0159\u00edb\u011bhem spolupr\u00e1ce bez hranic"},"content":{"rendered":"\n<p>V NANOPROGRESS dlouhodob\u011b usilujeme o propojen\u00ed v\u011bdeck\u00e9ho v\u00fdzkumu s pr\u016fmyslovou prax\u00ed nejen v \u010cesk\u00e9 republice, ale tak\u00e9 na mezin\u00e1rodn\u00ed \u00farovni. C\u00edlem je vybudovat siln\u00e9, odoln\u00e9 a trvale udr\u017eiteln\u00e9 inova\u010dn\u00ed prost\u0159ed\u00ed nap\u0159\u00ed\u010d Evropou, kter\u00e9 umo\u017en\u00ed sd\u00edlen\u00ed know-how, urychl\u00ed zav\u00e1d\u011bn\u00ed inovac\u00ed do konkr\u00e9tn\u00edch produkt\u016f a p\u0159isp\u011bje k \u0159e\u0161en\u00ed kl\u00ed\u010dov\u00fdch spole\u010densk\u00fdch v\u00fdzev.<br><br><\/p>\n\n\n\n<h2 class=\"wp-block-heading\">Vstupujeme do spolupr\u00e1ce s okoln\u00edmi zem\u011bmi<\/h2>\n\n\n\n<p>V roce 2014 jsme se v NANOPROGRESS poprv\u00e9 zapojili do p\u0159\u00edpravy mezin\u00e1rodn\u00edho projektu zam\u011b\u0159en\u00e9ho na podporu klastrov\u00e9 spolupr\u00e1ce. Projekt INNO-DROP polo\u017eil z\u00e1klady pro zvy\u0161ov\u00e1n\u00ed kvality \u0159\u00edzen\u00ed klastr\u016f v EU. N\u00e1sledovaly projekty AdPack a AdPack2 zam\u011b\u0159en\u00e9 na internacionalizaci mal\u00fdch a st\u0159edn\u00edch podnik\u016f. V\u00fdsledkem t\u011bchto aktivit bylo v roce 2018 zalo\u017een\u00ed Evropsk\u00e9ho hospod\u00e1\u0159sk\u00e9ho z\u00e1jmov\u00e9ho sdru\u017een\u00ed Ad-Pack EEIG, kter\u00e9 umo\u017enilo pr\u00e1vn\u011b ukotvenou spolupr\u00e1ci mezi evropsk\u00fdmi klastrov\u00fdmi organizacemi.<\/p>\n\n\n\n<p><\/p>\n\n\n\n<h2 class=\"wp-block-heading\">Vymysleli jsme CEDEG jako metaklastr budoucnosti<\/h2>\n\n\n\n<p>Zku\u0161enosti z Ad-Pack EEIG p\u0159irozen\u011b vedly k vytvo\u0159en\u00ed robustn\u011bj\u0161\u00ed a otev\u0159en\u011bj\u0161\u00ed platformy. V roce 2021 tak vzniklo sdru\u017een\u00ed CEDEG, z.s., kter\u00e9 p\u0159evzalo \u0161tafetu a roz\u0161\u00ed\u0159ilo spolupr\u00e1ci do nov\u00fdch oblast\u00ed z\u00e1jmu, jako jsou digitalizace nebo zelen\u00e9 technologie. CEDEG nen\u00ed pouze pr\u00e1vn\u00edm n\u00e1stupcem p\u016fvodn\u00edho sdru\u017een\u00ed, ale plnohodnotnou metastrukturou, kter\u00e1 dnes sdru\u017euje v\u00edce ne\u017e 2 240 subjekt\u016f z 16 evropsk\u00fdch zem\u00ed, v\u010detn\u011b t\u00e9m\u011b\u0159 1 800 firem a p\u0159es 330 v\u00fdzkumn\u00fdch instituc\u00ed.<br><\/p>\n\n\n\n<h2 class=\"wp-block-heading\">Pomohli jsme propojit Evropu<\/h2>\n\n\n\n<p>D\u00edky CEDEG se n\u00e1m da\u0159\u00ed rozv\u00edjet konkr\u00e9tn\u00ed mezin\u00e1rodn\u00ed projekty, podporovat sd\u00edlenou infrastrukturu, prosazovat spole\u010dn\u00e9 z\u00e1jmy v r\u00e1mci evropsk\u00e9 podpory klastr\u016f a tvo\u0159it podm\u00ednky pro skute\u010dn\u011b p\u0159eshrani\u010dn\u00ed inovace. Jako spoluzakladatel\u00e9 CEDEG aktivn\u011b p\u0159isp\u00edv\u00e1me k jeho strategick\u00e9mu sm\u011b\u0159ov\u00e1n\u00ed a skrze sv\u00e9 \u010dlenstv\u00ed vytv\u00e1\u0159\u00edme most mezi \u010desk\u00fdmi v\u00fdzkumn\u00edky a evropsk\u00fdm inova\u010dn\u00edm prost\u0159ed\u00edm.<br><\/p>\n\n\n\n<p class=\"has-text-align-center\"><em>\u201eZ p\u016fvodn\u00edho n\u00e1padu vytvo\u0159it strukturovanou evropskou spolupr\u00e1ci se stal funguj\u00edc\u00ed ekosyst\u00e9m s re\u00e1ln\u00fdm dopadem. CEDEG je d\u016fkazem, \u017ee kdy\u017e se spoj\u00ed vize, odbornost a d\u016fv\u011bra, lze p\u0159ekro\u010dit hranice i my\u0161lenkov\u00e9 limity.\u201c<\/em><br> Lubo\u0161 Kom\u00e1rek, m\u00edstop\u0159edseda CEDEG a p\u0159edseda NANOPROGRESS<br><\/p>\n\n\n\n<p>V\u00edce o tomto metaklastru najdete na <a href=\"http:\/\/www.cedeg.eu\">www.cedeg.eu<\/a>.<br><\/p>\n","protected":false},"featured_media":269,"template":"","kategorie_aktualit":[28],"class_list":["post-280","aktuality","type-aktuality","status-publish","has-post-thumbnail","hentry","kategorie_aktualit-success-story"],"acf":[],"_links":{"self":[{"href":"https:\/\/www.nanoprogress.eu\/cs\/wp-json\/wp\/v2\/aktuality\/280","targetHints":{"allow":["GET"]}}],"collection":[{"href":"https:\/\/www.nanoprogress.eu\/cs\/wp-json\/wp\/v2\/aktuality"}],"about":[{"href":"https:\/\/www.nanoprogress.eu\/cs\/wp-json\/wp\/v2\/types\/aktuality"}],"wp:featuredmedia":[{"embeddable":true,"href":"https:\/\/www.nanoprogress.eu\/cs\/wp-json\/wp\/v2\/media\/269"}],"wp:attachment":[{"href":"https:\/\/www.nanoprogress.eu\/cs\/wp-json\/wp\/v2\/media?parent=280"}],"wp:term":[{"taxonomy":"kategorie_aktualit","embeddable":true,"href":"https:\/\/www.nanoprogress.eu\/cs\/wp-json\/wp\/v2\/kategorie_aktualit?post=280"}],"curies":[{"name":"wp","href":"https:\/\/api.w.org\/{rel}","templated":true}]}}

Budování udržitelného evropského ekosystému je  příběhem spolupráce bez hranic

<p>V NANOPROGRESS dlouhodobě usilujeme o propojení vědeckého výzkumu s průmyslovou praxí nejen v České republice, ale také na mezinárodní úrovni. Cílem je vybudovat silné, odolné a trvale udržitelné inovační prostředí napříč Evropou, které umožní sdílení know-how, urychlí zavádění inovací do konkrétních produktů a přispěje k řešení klíčových společenských výzev.<br><br></p>



<h2 class="wp-block-heading">Vstupujeme do spolupráce s okolními zeměmi</h2>



<p>V roce 2014 jsme se v NANOPROGRESS poprvé zapojili do přípravy mezinárodního projektu zaměřeného na podporu klastrové spolupráce. Projekt INNO-DROP položil základy pro zvyšování kvality řízení klastrů v EU. Následovaly projekty AdPack a AdPack2 zaměřené na internacionalizaci malých a středních podniků. Výsledkem těchto aktivit bylo v roce 2018 založení Evropského hospodářského zájmového sdružení Ad-Pack EEIG, které umožnilo právně ukotvenou spolupráci mezi evropskými klastrovými organizacemi.</p>



<p></p>



<h2 class="wp-block-heading">Vymysleli jsme CEDEG jako metaklastr budoucnosti</h2>



<p>Zkušenosti z Ad-Pack EEIG přirozeně vedly k vytvoření robustnější a otevřenější platformy. V roce 2021 tak vzniklo sdružení CEDEG, z.s., které převzalo štafetu a rozšířilo spolupráci do nových oblastí zájmu, jako jsou digitalizace nebo zelené technologie. CEDEG není pouze právním nástupcem původního sdružení, ale plnohodnotnou metastrukturou, která dnes sdružuje více než 2 240 subjektů z 16 evropských zemí, včetně téměř 1 800 firem a přes 330 výzkumných institucí.<br></p>



<h2 class="wp-block-heading">Pomohli jsme propojit Evropu</h2>



<p>Díky CEDEG se nám daří rozvíjet konkrétní mezinárodní projekty, podporovat sdílenou infrastrukturu, prosazovat společné zájmy v rámci evropské podpory klastrů a tvořit podmínky pro skutečně přeshraniční inovace. Jako spoluzakladatelé CEDEG aktivně přispíváme k jeho strategickému směřování a skrze své členství vytváříme most mezi českými výzkumníky a evropským inovačním prostředím.<br></p>



<p class="has-text-align-center"><em>„Z původního nápadu vytvořit strukturovanou evropskou spolupráci se stal fungující ekosystém s reálným dopadem. CEDEG je důkazem, že když se spojí vize, odbornost a důvěra, lze překročit hranice i myšlenkové limity.“</em><br> Luboš Komárek, místopředseda CEDEG a předseda NANOPROGRESS<br></p>



<p>Více o tomto metaklastru najdete na <a href="http://www.cedeg.eu">www.cedeg.eu</a>.<br></p>
